9372 a multiple of 146?
True
Is 790603 a multiple of 11?
True
Is 34 a factor of 251294?
True
Does 214 divide 2243576?
True
Is 26 a factor of 486074?
False
Is 717422 a multiple of 60?
False
Does 11 divide 165649?
True
Is 112 a factor of 209484?
False
Is 12003 a multiple of 3?
True
Is 242835 a multiple of 19?
False
Is 458476 a multiple of 4?
True
Does 6 divide 223798?
False
Is 112 a factor of 34160?
True
Is 165257 a multiple of 6?
False
Does 14 divide 21474236?
True
Is 418030 a multiple of 10?
True
Is 2961329 a multiple of 7?
True
Does 53 divide 225939?
True
Is 64 a factor of 216613?
False
Is 12 a factor of 50976?
True
Is 106819 a multiple of 67?
False
Is 28 a factor of 320936?
True
Is 520 a factor of 39699785?
False
Is 7 a factor of 242620?
True
Does 17 divide 48357?
False
Is 47 a factor of 11348620?
True
Does 367 divide 192675?
True
Is 4 a factor of 17824?
True
Is 103 a factor of 59289?
False
Is 634 a factor of 902816?
True
Does 13 divide 3831499?
False
Does 3 divide 23039?
False
Is 4011180 a multiple of 23?
False
Is 276192 a multiple of 548?
True
Is 11 a factor of 1477619?
True
Does 21 divide 1201851?
True
Is 43 a factor of 649485?
False
Is 58829 a multiple of 14?
False
Does 192 divide 2090176?
False
Is 53 a factor of 116441?
True
Is 7318674 a multiple of 594?
True
Is 5 a factor of 1360275?
True
Is 14510 a multiple of 2?
True
Is 45 a factor of 77576?
False
Is 6 a factor of 14697?
False
Is 3233433 a multiple of 7?
True
Does 81 divide 1304505?
True
Does 7 divide 11464?
False
Is 1219026 a multiple of 274?
True
Does 2 divide 10261?
False
Does 2 divide 54415?
False
Is 8879364 a multiple of 109?
False
Is 23 a factor of 119646?
True
Does 50 divide 213750?
True
Is 17 a factor of 3938236?
False
Does 121 divide 5044248?
True
Is 46 a factor of 5972778?
True
Does 22 divide 16727172?
True
Is 8 a factor of 2822843?
False
Is 1469567 a multiple of 28?
False
Is 421611 a multiple of 637?
False
Is 36 a factor of 902664?
True
Does 31 divide 792081?
True
Is 906836 a multiple of 466?
True
Does 11 divide 1282567?
True
Is 6 a factor of 2629998?
True
Is 1180152 a multiple of 148?
True
Is 68 a factor of 10744?
True
Is 5250220 a multiple of 5?
True
Is 264 a factor of 7926072?
True
Is 1522 a factor of 4405821?
False
Does 53 divide 476364?
True
Does 182 divide 561288?
True
Is 3920377 a multiple of 461?
False
Does 5 divide 23541?
False
Is 76 a factor of 235828?
True
Does 5 divide 1426005?
True
Is 29648 a multiple of 436?
True
Does 8 divide 3105765?
False
Is 27064 a multiple of 40?
False
Does 15 divide 38325?
True
Is 3026778 a multiple of 114?
False
Is 5466977 a multiple of 35?
False
Is 641576 a multiple of 104?
True
Is 9 a factor of 3430809?
True
Does 29 divide 9874590?
False
Is 701944 a multiple of 301?
False
Does 155 divide 111910?
True
Is 10 a factor of 6563?
False
Does 268 divide 75844?
True
Is 711534 a multiple of 211?
False
Does 68 divide 1292517?
False
Is 8 a factor of 4258?
False
Is 10 a factor of 342720?
True
Does 536 divide 8340951?
False
Is 413974 a multiple of 632?
False
Is 3927 a multiple of 95?
False
Does 66 divide 1808928?
True
Is 5 a factor of 112536?
False
Does 74 divide 11495086?
True
Does 28 divide 207645?
False
Is 5357586 a multiple of 6?
True
Does 66 divide 52272?
True
Is 1954916 a multiple of 45?
False
Is 509 a factor of 198464?
False
Does 8 divide 201320?
True
Is 11 a factor of 311322?
True
Is 2103130 a multiple of 86?
True
Does 25 divide 33425?
True
Is 509 a factor of 3772172?
False
Is 404 a factor of 26729410?
False
Is 380 a factor of 422288?
False
Does 178 divide 1005852?
False
Is 691 a factor of 3654839?
False
Is 5275564 a multiple of 116?
True
Is 6353532 a multiple of 1068?
True
Is 9 a factor of 1690688?
False
Is 4 a factor of 38112?
True
Is 17 a factor of 655960?
False
Does 248 divide 292047?
False
Is 92952 a multiple of 8?
True
Does 15 divide 1517865?
True
Is 4 a factor of 49487?
False
Does 160 divide 30285?
False
Is 21 a factor of 7164259?
False
Is 1963962 a multiple of 234?
True
Is 204 a factor of 1506540?
True
Is 292695 a multiple of 65?
True
Is 18340 a multiple of 2?
True
Does 10 divide 883585?
False
Does 296 divide 42920?
True
Does 401 divide 794782?
True
Is 11 a factor of 4769765?
True
Is 1424031 a multiple of 57?
True
Does 277 divide 19501742?
False
Does 281 divide 7414185?
True
Does 13 divide 139947?
False
Is 225 a factor of 241774?
False
Is 100 a factor of 70428?
False
Is 521 a factor of 11267084?
False
Is 207477 a multiple of 177?
False
Does 24 divide 43264584?
True
Is 40 a factor of 8037520?
True
Does 200 divide 59778?
False
Is 97947 even?
False
Is 100888 a multiple of 7?
False
Is 141 a factor of 719588?
False
Is 413 a factor of 363853?
True
Does 28 divide 414507?
False
Is 33 a factor of 743834?
False
Does 218 divide 38586?
True
Is 1705518 a multiple of 17?
False
Does 148 divide 246627?
False
Is 1571616 a multiple of 216?
True
Is 306439 a multiple of 21?
False
Is 2152458 a multiple of 231?
True
Is 391410 a multiple of 227?
False
Does 15 divide 5748810?
True
Is 94 a factor of 2679188?
True
Is 6 a factor of 888?
True
Is 1120480 a multiple of 149?
True
Is 73864 a multiple of 141?
False
Does 11 divide 973962?
True
Is 34 a factor of 325645?
False
Is 15706 a multiple of 9?
False
Is 2227854 a multiple of 151?
True
Is 55 a factor of 73059?
False
Does 11 divide 38346?
True
Is 882 a factor of 864360?
True
Is 164796 a multiple of 14?
False
Is 329916 a multiple of 3?
True
Is 899094 a multiple of 20?
False
Is 39440 a multiple of 99?
False
Is 29940 a multiple of 12?
True
Does 21 divide 4769?
False
Is 7312 a multiple of 73?
False
Is 54563 a multiple of 9?
False
Is 1362550 a multiple of 9?
False
Is 381988 a multiple of 74?
True
Does 396 divide 5140872?
True
Does 10 divide 164480?
True
Does 558 divide 18987496?
False
Is 16 a factor of 403280?
True
Does 130 divide 1693263?
False
Is 424 a factor of 1285992?
True
Does 9 divide 13386?
False
Is 811962 a multiple of 9?
True
Is 15616 a multiple of 48?
False
Is 493 a factor of 5745422?
True
Is 5 a factor of 86670?
True
Does 7 divide 467229?
True
Is 21 a factor of 8794023?
True
Is 8 a factor of 5916408?
True
Is 3478675 a multiple of 58?
False
Does 564 divide 72254?
False
Is 19 a factor of 430454?
False
Does 107 divide 347637?
False
Is 23264 a multiple of 8?
True
Does 309 divide 1989?
False
Is 257 a factor of 1044393?
False
Is 212976 a multiple of 16?
True
Does 17 divide 36617?
False
Is 67450 a multiple of 19?
True
Is 215 a factor of 245959?
False
Does 6 divide 312529?
False
Is 87 a factor of 744628?
False
Is 384878 a multiple of 113?
True
Is 317 a factor of 138948?
False
Is 61252 a multiple of 12?
False
Is 116 a factor of 233447?
False
Is 17 a factor of 154705?
False
Is 63 a factor of 203175?
True
Is 7024110 a multiple of 19?
True
Is 3217499 a multiple of 5?
False
Does 53 divide 18144497?
True
Does 6 divide 147034?
False
Is 46557 a multiple of 21?
True
Is 143 a factor of 385814?
True
Does 6 divide 18377?
False
Is 262769 a multiple of 493?
True
Is 30 a factor of 1153470?
True
Does 231 divide 2746253?
False
Does 237 divide 284637?
True
Is 18 a factor of 381286?
False
Is 279 a factor of 121923?
True
Is 469 a factor of 1335243?
True
Is 48153 a multiple of 21?
True
Does 17 divide 7354880?
True
Is 235 a factor of 4628795?
True
Is 17 a factor of 148999?
False
Does 158 divide 97644?
True
Is 6016256 a multiple of 10?
False
Does 25 divide 6928828?
False
Does 31 divide 34844?
True
Does 11 divide 1255100?
True
Is 6469560 a multiple of 14?
False
Is 131 a factor of 356144?
False
Is 145916 a multiple of 62?
False
Is 22 a factor of 229922?
True
Is 16 a factor of 139967?
False
Is 260877 a multiple of 138?
False
Is 14 a factor of 47835?
False
Is 25440210 a multiple of 27?
True
Does 297 divide 69795?
True
Does 160 divide 2462156?
False
Is 1714474 a multiple of 27?
False
Is 996216 a multiple of 6?
True
Is 16 a factor of 218448?
True
Is 82 a factor of 828200?
True
Is 1152614 a multiple of 71?
True
Is 3046255 a multiple of 22?
False
Is 5614011 a multiple of 110?
False
Is 186014 a multiple of 34?
True
Is 17 a factor of 1142679?
False
Is 48916 a multiple of 135?
False
Is 119691 a multiple of 279?
True
Does 13 divide 241124?
True
Is 130 a factor of 257010?
True
Is 50 a factor of 81133?
False
Does 426 divide 14701260?
True
Is 9